- 7*w - 3*w**2 + w**p + 7*w**2 - 13*w. List the prime factors of a(-6).
53
Let m(r) = 1093*r + 1738. List the prime factors of m(53).
3, 19889
Let t(o) = -5*o**2 - 23*o - 84. Let i be t(-6). What are the prime factors of (-116640)/i + (-4)/(-14)?
2, 463
What are the prime factors of (-85766)/(-18) - 44/(-990)*5?
5, 953
Let l = -105 + 726. Suppose 3*h = 183 + l. What are the prime factors of h*(1/8)/((-1)/(-4))?
2, 67
Let b = -80 + 89. Let u(c) = 72*c - 30. Let r be u(b). Let s = r + -409. List the prime factors of s.
11, 19
Let m = -5491 - -9504. What are the prime factors of m?
4013
Suppose 1356*g = 1368*g - 237396. What are the prime factors of g?
73, 271
Let j(r) = -r**3 + 9*r**2 - 5. Let a be j(9). Let b(i) = i**2 + 3*i - 5. Let z be b(a). What are the prime factors of (-4 + 1)*(z + 131/(-3))?
2, 29
Let n(h) = -2*h**2 - 6*h + 22. Let k be n(-5). Suppose -k*w = 3*c + 18 + 100, 4*c + 2*w + 158 = 0. What are the prime factors of 2/(-8) + -46*115/c?
2, 3, 11
Let m(n) = 62501*n**2 + 102*n - 9. List the prime factors of m(-1).
2, 5, 17, 367
Suppose -923 = 3*l - 4415. Suppose 0 = 8*t - 4*t - l. List the prime factors of t.
3, 97
Let b(a) = -a**3 + 10*a**2 - 21*a + 1. Let y be b(7). Suppose r - 9 = -y. List the prime factors of (-3 - (-12)/r)*-74.
3, 37
Suppose 33*m - 16*m - 39230 = -8494. List the prime factors of m.
2, 113
Let s(z) = z + 20. Let m = 60 - 67. Let j be s(m). Suppose -4*u = -0*u - 5*p - j, -p - 11 = -2*u. What are the prime factors of u?
7
Suppose -24*x + 7583 + 4199 = -15482. What are the prime factors of x?
2, 71
Suppose -217*f + 218*f - 3293 = 0. Let m = -2289 + f. What are the prime factors of m?
2, 251
Suppose 4*g + 91161 - 268625 = -4*k, -2*k + 88711 = -5*g. What are the prime factors of k?
11, 37, 109
Suppose -2*x + 8*h = 11*h - 12844, 3*x = -5*h + 19267. What are the prime factors of x?
7, 131
Let i(x) = 31*x - 104. Let u be i(40). Suppose -31 = -5*s + 94. Suppose 17*v = s*v - u. List the prime factors of v.
2, 71
Suppose -h + 17178 = 5*a, -2*h - 55 + 61 = 0. What are the prime factors of a?
3, 5, 229
Suppose l + 0*l = -2*i + 20, 2*l - 7 = -i. Suppose 0 = i*d - 16958 + 6134. List the prime factors of d.
2, 3, 41
Let u be 0 + 799 - (23 - 19). Suppose m - u = -4*m. Suppose -a + m = 88. What are the prime factors of a?
71
Let z(s) = -4*s - 26. Let y be z(-11). Let o(t) = -t - 5. Let c be o(-4). What are the prime factors of (6/y)/(c/(-201))?
67
Suppose 4*a - 6612 = 4*c, 4*a - 3617 = -5*c + 3040. Let r = a + -864. List the prime factors of r.
2, 397
Let i = 178 - -4574. List the prime factors of i.
2, 3, 11
Let w(n) be the first derivative of 8*n**4 - 4*n**3/3 + 2*n**2 - 2*n - 5. Let x be w(2). Suppose x = 2*q + 22. What are the prime factors of q?
2, 7
Let p = -54 + 74. Suppose -p + 150 = 2*b. Suppose -17*g = -18*g + b. List the prime factors of g.
5, 13
Let s(w) = 6751*w**3 + w**2 - 2*w + 2. List the prime factors of s(1).
2, 211
Suppose -27*d = -272579 - 379093. List the prime factors of d.
2, 7, 431
Let t = -1 + 9. Let m(k) = k**3 - 6*k**2 - 9*k - 8. Let i be m(t). Suppose 3*q + u - 148 = 0, -5*q - u = -196 - i. What are the prime factors of q?
2, 3
Suppose 7*s = 2*s - 185. Let d = s + 323. List the prime factors of d.
2, 11, 13
Suppose 0 = -5*a + 55 + 30. Suppose 13*f - a*f - 244 = 0. Let y = 27 - f. List the prime factors of y.
2, 11
Suppose -20*k + 16919 + 3571 = -10*k. What are the prime factors of k?
3, 683
Let b(o) = 50*o**2 + 79*o + 1245. What are the prime factors of b(-14)?
3, 3313
Let r = 33 - 101. Let q = 72 + r. Suppose 4*t + 284 = 4*o, q*o = 5*t + 416 - 128. What are the prime factors of o?
67
Let c(f) = f**3 + 60*f**2 - 86*f - 335. What are the prime factors of c(-60)?
5, 193
Suppose -5*p = 6*x - 193126 - 96640, 0 = -4*p - 4*x + 231808. List the prime factors of p.
2, 7, 4139
Let j(s) = 10*s**2 + 8*s - 30. Let v(c) = c**2 - 15*c - 72. Let b be v(19). What are the prime factors of j(b)?
2, 3
Let u be 16/6*(-93)/(-62). Suppose 2*j - 45 = -a - 6, 3*j = u*a - 156. What are the prime factors of a?
3, 13
Let t be 74386/22 - 8*2/88. Suppose -5*j - 2*y = -y - t, 3*j - 2011 = -5*y. What are the prime factors of j?
677
Let i(b) = 1609*b - 3532. List the prime factors of i(7).
3, 859
Suppose -2*s + 5*i + 85 = 0, -4*s = -3*s - 4*i - 47. Suppose 68 = d - s. List the prime factors of d.
103
Suppose -64619 - 46096 = -33*j. Let z = -2138 + j. What are the prime factors of z?
1217
Suppose 105*j - 2148424 - 1549046 = 0. What are the prime factors of j?
2, 3, 5869
Let a be (-7836)/6*(-1 - (-3)/6). Suppose t + 34 = -b + a, 2*t - 2*b = 1254. List the prime factors of t.
7, 89
Let n(r) = 2423*r - 257. What are the prime factors of n(4)?
3, 5, 17, 37
Let y(i) = -6*i - 9. Let l be y(-8). Let q = -1 + l. Suppose -34*k = -q*k + 784. What are the prime factors of k?
2, 7
Let m(u) = -119*u**3 + 10*u**2 - 2*u - 16. List the prime factors of m(-7).
5, 11, 751
Let f be ((-1)/(-1))/((-289707)/(-36212) + -8). Suppose 6*x = m + 3*x - 823, -4*m + f = x. List the prime factors of m.
823
Suppose 25*y + 431 = -94. Let g(t) = t**2 - 8*t + 5. What are the prime factors of g(y)?
2, 307
Let v = 26385 - 14089. What are the prime factors of v?
2, 29, 53
Suppose 5*h + 22 = -4*r, h + 2 = -4*r - 12. Let m = h - 8. List the prime factors of 132/((60/50)/((-8)/m)).
2, 11
Let x(q) = 694*q**2 - 10*q + 41. Let g be x(9). What are the prime factors of (g/(-94))/(1 + 3/(-2))?
5, 239
Let j(w) = 6*w**2 - 7*w - 167. What are the prime factors of j(24)?
3121
Suppose 7*a - 195 = 46*a. Let c(o) = -o**2 - 13 + 4*o**2 + 3*o**2 + 6*o - 2*o. List the prime factors of c(a).
3, 13
Let g = 18342 + -9058. List the prime factors of g.
2, 11, 211
Let q(s) be the third derivative of s**5/6 + 7*s**4/12 + 83*s**3/6 - 12*s**2. What are the prime factors of q(-9)?
13, 59
What are the prime factors of 170*((-17)/(-6) - 64/48)?
3, 5, 17
Let z(a) = -a**2 + 12*a - 21. Let s be z(3). What are the prime factors of (0 - (s - -6))*(-157)/2?
2, 3, 157
Suppose 2*c - 21524 = -4*s, s - 168*c - 5360 = -172*c. What are the prime factors of s?
2, 673
Let x = 15858 - 9442. What are the prime factors of x?
2, 401
Let r be ((-78)/21)/1 - 22/77. What are the prime factors of (305 - (-3 - 3)) + r?
307
Let c = -36 - -24. List the prime factors of 7/((-239)/(-616) - c/(-32)).
7, 11
Suppose -17 + 77 = -5*z. Let h = z + 12. Suppose h = -6*a + 5*a + 119. List the prime factors of a.
7, 17
Let v(h) = h**2 + 7*h - 4. Let d be v(-8). Suppose 0 = -2*p + p + d. Suppose 2*i - 5*x = 299, -p*i - x + 788 = i. List the prime factors of i.
157
Let k = 31764 + -23894. List the prime factors of k.
2, 5, 787
Suppose -84*s = -104*s - 80. Let d(k) = -k**3 + 4*k**2 + 18*k - 10. List the prime factors of d(s).
2, 23
Let z(l) = 10*l - 29. Let w(s) = -18*s + 59. Let d(v) = -4*w(v) - 9*z(v). Suppose -a = -3*h + 25, 0*a = 5*a - 2*h + 73. List the prime factors of d(a).
7, 37
Let l(t) = t**3 + t**2 - t + 14. Let b be l(0). Suppose -20*j - b*j + 6324 = 0. List the prime factors of j.
2, 3, 31
Let a(l) = 8*l**2 + 58*l + 798. List the prime factors of a(-16).
2, 7, 137
Suppose 102*z + 5728 - 142408 = 0. List the prime factors of z.
2, 5, 67
List the prime factors of (-70)/140 - -1*(-145281)/(-6).
3, 7, 1153
Let n be 48/(-360) - (0 + 64/(-30)). Suppose 4*s - 12 = -n*s. Suppose 4*g - 356 = -d, g - s*d - 68 = 3*d. What are the prime factors of g?
2, 11
Suppose -6*h + 78 = 7*h. Suppose 0 = s - 4*j - h, -2*j = -4. Suppose -s*q + 29 + 13 = 0. List the prime factors of q.
3
Let y = 144 + -139. Suppose -4*j = -y*s + 162 - 16, -2*j = 4*s - 96. Suppose 32*g = s*g + 1824. What are the prime factors of g?
2, 19
Suppose 2*g = 0, -4*k + 5*g + 3357 = -567. Suppose 3*o + 0*z + 2*z = 1452, -2*o + k = -3*z. List the prime factors of o.
2, 3
Suppose -4 + 32 = -4*a. Let s(t) = 10*t**2 + 37. List the prime factors of s(a).
17, 31
Let b(r) = -r - 16. Suppose -189 = -a + 10*a. Let s be b(a). Suppose 13 = -2*w + 3*k + 43, -s*w + 64 = -2*k. What are the prime factors of w?
2, 3
Let h = -10 - -37. Let b = -156 - h. Let m = b + 257. List the prime factors of m.
2, 37
Suppose 0 = i - 2*z - 27, 25 = 4*i - 2*z - 101. Suppose -3005 = -i*h - 1058. List the prime factors of h.
59
Suppose 0 = g + 3*g + 3*c + 9, g = 5*c + 15. Suppose g = -5*h - p + 4*p + 2637, -p